 is the greatest common divisor of 518 and 14?
14
Calculate the highest common divisor of 160 and 430.
10
What is the greatest common factor of 1365 and 65?
65
Calculate the greatest common factor of 70 and 945.
35
What is the highest common divisor of 297 and 27?
27
Calculate the greatest common factor of 8142 and 236.
118
What is the highest common factor of 3713 and 141?
47
What is the highest common factor of 112 and 24808?
56
What is the greatest common factor of 8155 and 245?
35
What is the highest common factor of 420 and 1365?
105
What is the highest common factor of 108 and 7974?
18
What is the greatest common factor of 513 and 45?
9
Calculate the greatest common factor of 1656 and 72.
72
Calculate the greatest common factor of 260 and 52.
52
Calculate the highest common divisor of 656 and 80.
16
What is the greatest common divisor of 2640 and 20?
20
What is the greatest common divisor of 795 and 75?
15
Calculate the highest common factor of 700 and 25.
25
Calculate the greatest common divisor of 812 and 8729.
203
What is the greatest common divisor of 1974 and 294?
42
What is the greatest common factor of 2 and 32?
2
Calculate the greatest common divisor of 1430 and 330.
110
What is the greatest common divisor of 117 and 169?
13
What is the greatest common factor of 1088 and 34?
34
Calculate the greatest common factor of 32 and 144.
16
What is the greatest common divisor of 784 and 126?
14
Calculate the highest common divisor of 144 and 36.
36
What is the greatest common factor of 848 and 16?
16
Calculate the greatest common divisor of 1060 and 40.
20
What is the highest common factor of 7 and 14735?
7
What is the greatest common divisor of 3565 and 690?
115
What is the highest common divisor of 598 and 46?
46
Calculate the highest common divisor of 61 and 2623.
61
What is the highest common factor of 12 and 3732?
12
Calculate the highest common divisor of 6818 and 14.
14
What is the highest common factor of 266 and 57?
19
What is the highest common divisor of 275 and 100?
25
Calculate the highest common divisor of 269 and 2.
1
Calculate the highest common divisor of 189 and 1029.
21
Calculate the greatest common factor of 495 and 2310.
165
What is the greatest common factor of 147 and 6?
3
What is the highest common divisor of 27 and 999?
27
Calculate the highest common factor of 1080 and 27.
27
Calculate the highest common divisor of 152 and 32.
8
What is the greatest common factor of 19 and 2489?
19
What is the greatest common divisor of 111 and 148?
37
What is the highest common factor of 4 and 92?
4
What is the greatest common divisor of 7408 and 48?
16
What is the greatest common factor of 6 and 114?
6
Calculate the highest common divisor of 1476 and 612.
36
What is the highest common divisor of 4 and 134?
2
Calculate the greatest common factor of 655 and 5.
5
Calculate the greatest common divisor of 189 and 7.
7
What is the greatest common divisor of 55 and 7205?
55
What is the highest common factor of 33 and 9427?
11
What is the greatest common divisor of 279 and 171?
9
Calculate the highest common factor of 78 and 78.
78
Calculate the highest common factor of 155 and 10.
5
What is the highest common factor of 216 and 5346?
54
What is the highest common factor of 598 and 26?
26
What is the highest common factor of 110 and 50?
10
Calculate the highest common factor of 52 and 299.
13
Calculate the greatest common divisor of 12 and 444.
12
What is the greatest common factor of 1219 and 23?
23
Calculate the greatest common factor of 635 and 127.
127
What is the highest common divisor of 49772 and 46?
46
Calculate the highest common factor of 5824 and 156.
52
Calculate the greatest common divisor of 1805 and 665.
95
What is the highest common divisor of 1463 and 385?
77
What is the highest common factor of 13 and 64597?
13
What is the greatest common divisor of 48 and 1176?
24
Calculate the greatest common divisor of 79727 and 61.
61
What is the highest common factor of 4380 and 108?
12
Calculate the highest common divisor of 12 and 12.
12
What is the greatest common factor of 209 and 33?
11
What is the greatest common factor of 56 and 2744?
56
What is the greatest common factor of 57 and 133?
19
Calculate the highest common divisor of 4 and 9.
1
Calculate the greatest common divisor of 95 and 76.
19
Calculate the highest common divisor of 139 and 14595.
139
What is the greatest common divisor of 32 and 96?
32
Calculate the highest common divisor of 2 and 37.
1
What is the greatest common factor of 1560 and 840?
120
What is the highest common factor of 24 and 18168?
24
What is the greatest common factor of 20 and 1252?
4
What is the highest common divisor of 663 and 13?
13
What is the highest common factor of 9 and 72?
9
What is the greatest common factor of 108 and 768?
12
Calculate the greatest common divisor of 6446 and 77.
11
What is the greatest common divisor of 1886 and 184?
46
What is the greatest common divisor of 48 and 36?
12
Calculate the highest common divisor of 6 and 32.
2
What is the greatest common divisor of 192 and 144?
48
Calculate the greatest common divisor of 183 and 33.
3
Calculate the highest common divisor of 946 and 198.
22
What is the greatest common factor of 305 and 40?
5
Calculate the highest common divisor of 31 and 31.
31
What is the highest common factor of 924 and 1932?
84
Calculate the highest common divisor of 55 and 235.
5
Calculate the greatest common divisor of 80 and 380.
20
Calculate the highest common divisor of 399 and 189.
21
What is the highest common divisor of 1440 and 11680?
160
Calculate the highest common divisor of 202 and 3535.
101
What is the greatest common factor of 168 and 24?
24
Calculate the highest common divisor of 341 and 44.
11
Calculate the greatest common factor of 260 and 280.
20
Calculate the greatest common divisor of 696 and 96.
24
Calculate the highest common divisor of 304 and 19.
19
Calculate the highest common factor of 102 and 138.
6
What is the greatest common divisor of 6705 and 18?
9
Calculate the greatest common divisor of 5949 and 9.
9
Calculate the greatest common divisor of 25179 and 3.
3
Calculate the highest common divisor of 95 and 171.
19
Calculate the greatest common factor of 470 and 282.
94
Calculate the highest common divisor of 138 and 874.
46
What is the greatest common divisor of 14740 and 55?
55
What is the greatest common divisor of 46 and 1196?
46
Calculate the greatest common divisor of 300 and 213.
3
What is the greatest common factor of 69 and 575?
23
What is the greatest common divisor of 60 and 468?
12
Calculate the greatest common factor of 10 and 866.
2
What is the highest common divisor of 20 and 2020?
20
What is the greatest common factor of 441 and 49?
49
What is the highest common divisor of 139 and 9452?
139
What is the greatest common divisor of 190 and 20?
10
Calculate the highest common factor of 10325 and 175.
175
What is the greatest common factor of 5274 and 18?
18
Calculate the highest common factor of 55 and 1765.
5
What is the highest common divisor of 1856 and 87?
29
Calculate the greatest common factor of 2872 and 8.
8
Calculate the greatest common factor of 13 and 259.
1
What is the greatest common divisor of 81 and 5121?
9
What is the greatest common factor of 230 and 40?
10
What is the greatest common divisor of 100 and 220?
20
Calculate the greatest common divisor of 462 and 99.
33
What is the highest common divisor of 272 and 48?
16
Calculate the highest common factor of 1665 and 45.
45
What is the highest common divisor of 84 and 3240?
12
What is the highest common divisor of 427 and 7?
7
What is the highest common divisor of 2902 and 10?
2
Calculate the greatest common divisor of 1056 and 55.
11
Calculate the highest common factor of 95 and 95.
95
Calculate the highest common divisor of 102 and 57.
3
What is the greatest common factor of 850 and 75?
25
Calculate the highest common divisor of 288 and 128.
32
What is the highest common divisor of 113906 and 26?
26
Calculate the highest common factor of 9 and 27.
9
Calculate the greatest common divisor of 3616 and 64.
32
What is the highest common factor of 28 and 756?
28
What is the greatest common factor of 1376 and 473?
43
What is the highest common div